nder when 37 is divided by p.
11
Suppose -3*j = j + 12, 0 = -c + 4*j + 37. Calculate the remainder when 48 is divided by c.
23
Let l = -5 - -18. Let w = -34 + 71. What is the remainder when w is divided by l?
11
Suppose 5*b + 6*n - 92 = 2*n, -2*b - 3*n + 41 = 0. Let w(q) = q**3 - 5*q**2 + 2*q - 4. What is the remainder when w(6) is divided by b?
12
Suppose 4*i - 5*k - 9 = 22, -2*i - 5*k = -53. Calculate the remainder when 54 is divided by i.
12
What is the remainder when 17 + 5 + (4 - 7) is divided by 10?
9
Let n = 1 - -8. What is the remainder when n is divided by 4?
1
Let w(d) = -d**2 + 9*d + 9. What is the remainder when w(8) is divided by 6?
5
Let o(n) = -3*n - 8. Let h be o(-10). Let p = -12 + h. Calculate the remainder when p is divided by 6.
4
Suppose 2 = -2*x - 20. Let t = 17 + x. Let b = t - 4. What is the remainder when 3 is divided by b?
1
Let z = -46 + 84. Let s be ((-8)/10 - 0)*5. Let t = s - -14. Calculate the remainder when z is divided by t.
8
Let j = -140 + 150. What is the remainder when 27 is divided by j?
7
Let g(c) = -2*c + 5. What is the remainder when 40 - (3 + 0 + -4) is divided by g(-8)?
20
Suppose m + 4*a = 105, -2*a - 184 = -5*m + 231. What is the remainder when m is divided by 24?
13
Let s be 0 - 1 - (-2)/2. Suppose 16 = 3*z + 2*l - s*l, -4*z + 2*l = 2. Suppose z*c + 4 = 4*c. What is the remainder when c is divided by 2?
0
Suppose -x = -2*y - 13, 0*x + y = -5*x + 54. Let t = x - 8. Calculate the remainder when 8 is divided by t.
2
Suppose 4 = -4*t - 0. Let i(o) = o + 1. Let b(k) = 3*k**2 + 4*k - 1. Let g(s) = t*i(s) + b(s). What is the remainder when 47 is divided by g(-3)?
15
Calculate the remainder when -1 - 22/(-18) - (-446)/18 is divided by 8.
1
Let b(s) be the third derivative of -s**4/24 - s**3/6 - 2*s**2. Let o be b(-4). Calculate the remainder when o*6 + -2 - 1 is divided by 8.
7
Let g = -86 + 207. What is the remainder when g is divided by 31?
28
Suppose -1 = -4*t + 55. Calculate the remainder when 25 is divided by t.
11
What is the remainder when 52 is divided by (-8)/(-52) - (-141)/13?
8
Calculate the remainder when 35 is divided by ((-50)/(-35))/((-1)/(-7)).
5
Let l(a) = -5*a**3 + 3*a**2 - 4*a + 1. Let j be l(-3). Suppose -3*b + 0*b + j = -5*x, -2*x = -2*b + 122. Calculate the remainder when b is divided by 17.
14
Suppose -4*i = -0*i - 2*o - 398, -4*o - 4 = 0. What is the remainder when i is divided by 50?
49
Let a = 91 - 33. Let o = 55 + -40. What is the remainder when a is divided by o?
13
Let y(c) = 37*c - 3. Calculate the remainder when y(2) is divided by 25.
21
Let r(d) = -d**3 - 5*d**2 + d - 3. What is the remainder when r(-6) is divided by 10?
7
Let s be -2 - (-4 + 2 - 0). Suppose 36 = -s*u + 3*u. What is the remainder when 47 is divided by u?
11
Let l = -10 - -19. Suppose -3*y - l = 0, 3*j = 2*y - 11 + 227. Calculate the remainder when j is divided by 24.
22
Let w = 17 + -10. Suppose w - 18 = -q. Calculate the remainder when 32 is divided by q.
10
Suppose 16 = 3*o + o. Let j(u) = u**3 - 3*u**2 - 2*u + 4. What is the remainder when (2/(-4))/((-3)/204) is divided by j(o)?
10
Let t(i) = -i**3 - 4*i**2 - 5*i - 4. Suppose -y = -6*y - 15. Let j be t(y). Let b = j - -2. Calculate the remainder when b is divided by 2.
0
Let c be 1*5*(-846)/45. Let p = -64 - c. What is the remainder when p is divided by 16?
14
Let w be 7/(((-2)/(-8))/1). Let x(i) = 3*i**2 - 4*i - 5. Let d be x(4). Suppose 0 = 5*s - d - w. What is the remainder when s is divided by 4?
3
Suppose -2*c = -j - 2*j - 93, 0 = -2*c - 4*j + 100. Calculate the remainder when 95 is divided by c.
47
What is the remainder when -1 + -1 + 3*3 is divided by (4 - 26/5)/(2/(-5))?
1
Suppose 573 = 8*h + 149. What is the remainder when h is divided by 14?
11
Suppose 4*z = 3*m + 12, z - 3 = -0*z. Suppose 3*g + m*g = 90. Suppose -r + g = 2*r. Calculate the remainder when r is divided by 6.
4
Suppose -r - 4*r = -35. Calculate the remainder when (12/(-60))/(2/(-130)) is divided by r.
6
Let c = -76 - -95. What is the remainder when c is divided by 4?
3
Let z(j) = 3 - 4 - 5*j - j**3 + 0*j**2 + 8*j**2. What is the remainder when -4*(-6)/(-20)*-20 is divided by z(7)?
11
Let s(p) = 2*p**2 - 4*p + 6. What is the remainder when 18 is divided by s(2)?
0
Let d be (-15)/(-4) - (-4)/16. What is the remainder when 47 + d/(-2) - -2 is divided by 7?
5
Let m = 29 - 16. Calculate the remainder when 23 is divided by m.
10
Let a(h) = h**2 + h - 1. Let r = -36 - -60. What is the remainder when (32/12)/(2/r) is divided by a(3)?
10
Let s(w) = -9*w - 6. What is the remainder when 34 is divided by s(-2)?
10
Let r(w) = -2*w - 2. Let j = 3 + -8. Let x = j - -10. Calculate the remainder when x is divided by r(-2).
1
Let c(j) = j - 4. Calculate the remainder when 2 is divided by c(6).
0
Suppose -33 = 4*u - u. Let o = u - -18. Let c = -5 + o. Calculate the remainder when 4 is divided by c.
0
Suppose -v - 24 = -5*v. Suppose -15 = -v*p + 3*p, -3*q = -2*p - 56. What is the remainder when q is divided by 6?
4
Suppose z - 15 = -7. What is the remainder when 20 is divided by z?
4
Let z(f) = -f - 2. Let o be z(-6). Suppose -9 = -o*m + 3*m. Calculate the remainder when m is divided by 5.
4
Let y = 5 + 18. Calculate the remainder when 89 is divided by y.
20
Suppose -w - 3*w - 5*d = -55, -3*d = -4*w + 31. Let h(q) = q - 4. Let x be h(w). What is the remainder when (x + 29)*(2 - 1) is divided by 12?
11
Suppose -x = -5*x + 112. Suppose 3*m - x = 65. What is the remainder when m is divided by 16?
15
Let c(x) = -x**3 + 3*x + 26. Calculate the remainder when 154 is divided by c(0).
24
Suppose w = -1, -4*x + 110 = -x - 5*w. Let n be 18/10 - (-2)/10. Suppose 0 = 4*y - n*k - 62, k - 3 = 2. What is the remainder when x is divided by y?
17
Calculate the remainder when 2/(-4)*(-74)/1 is divided by 13.
11
Suppose 0 = 3*d, -4*d - 38 = -4*z + 6. What is the remainder when 17 is divided by z?
6
Suppose -2*v + 34 = -l + 2, 0 = 3*v + 3*l - 30. What is the remainder when 40 is divided by v?
12
Suppose 0*o = 2*o + 12. Let v = o + 26. Suppose 5 = k - 2. What is the remainder when v is divided by k?
6
Let m(k) = k**2 + 12*k - 3*k + 6*k + 13 - 6*k. What is the remainder when 77 is divided by m(-9)?
12
Suppose -3*y = -10 - 2. Suppose 0 = y*u - 20, -4*u - 8 = -3*n + 2*n. What is the remainder when n is divided by 10?
8
Let b be 14/(-3)*3*-2. Suppose -q + b = -23. What is the remainder when q is divided by 13?
12
Let l be (1 + -1)*2/2. Let q = l + 13. Let j = 24 - q. Calculate the remainder when j is divided by 6.
5
Suppose k = 3*l - 3*k - 61, 2*k = -4*l + 118. Let u = 12 - 5. What is the remainder when l is divided by u?
6
Let y(u) = -u**2 - 3*u + 5 + 4*u**2 - 2*u**2 + 2. What is the remainder when y(-5) is divided by 16?
15
What is the remainder when 32 is divided by 267/24 + 4/(-32)?
10
What is the remainder when 9 is divided by ((-30)/(-7))/5*-7*-1?
3
Let f = 0 + 0. Suppose 0 = 4*j - 3*u + 3, -3*j - 2*u + 6*u = 4. Suppose v + f*v - 8 = j. What is the remainder when 14 is divided by v?
6
Suppose 3*o + 9 = -0*r - 2*r, 4*o + 5 = -5*r. Suppose y + 0*y = -x + 17, y - 23 = -r*x. Calculate the remainder when 25 is divided by y.
11
Suppose 5*b - 3*t = 8, -3*b - b = -2*t - 8. What is the remainder when 3 + 22 - (b - 2) is divided by 6?
5
Let z(a) = -8*a. Suppose -1 = -2*q - 3. Calculate the remainder when q/4 - 267/(-12) is divided by z(-1).
6
Suppose -3*s - 4 = -46. Calculate the remainder when s is divided by 4.
2
Suppose -11 = -m + 5*o, -2*m + m + 11 = -2*o. What is the remainder when m is divided by 5 + 0 + -1 + -1?
2
Let u(g) = -g**3 + g**2 + 3*g - 2. Let x be u(2). Let q(b) = b**2 + b + 11. What is the remainder when q(x) is divided by 3?
2
Suppose 5*s = 3*s + 30. Calculate the remainder when s is divided by 8.
7
Suppose -89 = -3*d + 2*d + q, -2*d - 3*q + 188 = 0. What is the remainder when d is divided by 23?
22
Calculate the remainder when 46 is divided by 203/14 + (-6)/(-4).
14
Let w be (-18)/4*(-4)/2. Let x = w + 5. Let d(b) = -b**2 + 12*b - 6. Calculate the remainder when x is divided by d(11).
4
Let n = -12 + 73. Calculate the remainder when n is divided by 21.
19
Let s(r) = r**3 + 8*r**2 + 5*r + 2. Suppose q - 5*w = 58, -2*q - 4*w + 82 = 22. Let o = q + -9. Calculate the remainder when o is divided by s(-7).
13
